iple of 23?
True
Is 6678 a multiple of 18?
True
Is 120 a multiple of 19?
False
Does 13 divide 193?
False
Is 14 a factor of 2212?
True
Is 28 a factor of 2296?
True
Is 11 a factor of 476?
False
Is 1215 a multiple of 9?
True
Does 17 divide 6851?
True
Is 4609 a multiple of 79?
False
Is 384 even?
True
Is 41202 a multiple of 34?
False
Is 793 a multiple of 61?
True
Is 305 a multiple of 3?
False
Does 204 divide 21310?
False
Does 26 divide 4415?
False
Does 15 divide 14655?
True
Is 7812 a multiple of 63?
True
Is 18407 a multiple of 25?
False
Is 53 a factor of 3440?
False
Is 13 a factor of 3250?
True
Is 2154 a multiple of 7?
False
Does 33 divide 6024?
False
Does 12 divide 852?
True
Is 34 a factor of 21964?
True
Does 3 divide 161?
False
Is 477 a multiple of 10?
False
Is 1708 a multiple of 61?
True
Is 69 a multiple of 3?
True
Does 29 divide 2129?
False
Does 21 divide 8337?
True
Is 8200 a multiple of 164?
True
Is 7748 a multiple of 26?
True
Is 849 a multiple of 38?
False
Does 27 divide 4268?
False
Is 80764 a multiple of 9?
False
Is 406 a multiple of 29?
True
Does 23 divide 14583?
False
Is 228 a multiple of 12?
True
Is 35 a factor of 2030?
True
Is 8 a factor of 248?
True
Is 44908 a multiple of 15?
False
Is 5 a factor of 678?
False
Does 16 divide 864?
True
Is 3011 a multiple of 16?
False
Does 83 divide 7719?
True
Does 17 divide 782?
True
Is 50 a factor of 31800?
True
Is 171 a factor of 3408?
False
Is 4 a factor of 176?
True
Is 15 a factor of 281?
False
Is 3169 a multiple of 12?
False
Is 9179 a multiple of 190?
False
Is 9 a factor of 3893?
False
Is 13 a factor of 435?
False
Does 11 divide 55286?
True
Is 1188 a multiple of 29?
False
Does 19 divide 1330?
True
Does 25 divide 231?
False
Is 18 a factor of 880?
False
Is 2625 a multiple of 15?
True
Does 8 divide 704?
True
Does 5 divide 985?
True
Is 40 a factor of 1255?
False
Is 9698 a multiple of 17?
False
Is 117 a factor of 6552?
True
Is 29 a factor of 8584?
True
Is 16 a factor of 649?
False
Is 3808 a multiple of 34?
True
Is 31832 a multiple of 4?
True
Is 802 a multiple of 24?
False
Is 15 a factor of 117991?
False
Is 61 a factor of 1464?
True
Is 18 a factor of 2780?
False
Does 64 divide 1308?
False
Is 350 a multiple of 50?
True
Is 15 a factor of 450?
True
Is 6288 a multiple of 6?
True
Is 108 a multiple of 18?
True
Is 247 even?
False
Is 9 a factor of 4569?
False
Is 192 a multiple of 3?
True
Is 16 a factor of 1312?
True
Does 29 divide 5189?
False
Is 22 a factor of 562?
False
Is 7 a factor of 44107?
True
Is 104 a factor of 4992?
True
Is 8 a factor of 62384?
True
Does 156 divide 15912?
True
Is 13300 a multiple of 50?
True
Is 13 a factor of 3299?
False
Does 8 divide 609?
False
Is 11 a factor of 396?
True
Does 17 divide 884?
True
Does 13 divide 216?
False
Is 5 a factor of 260?
True
Is 84 a factor of 80640?
True
Does 11 divide 5229?
False
Is 38 a factor of 82861?
False
Is 5156 a multiple of 138?
False
Is 146 a factor of 27886?
True
Is 5 a factor of 148?
False
Is 7 a factor of 2371?
False
Is 4966 a multiple of 33?
False
Is 120 a multiple of 3?
True
Is 15 a factor of 483?
False
Is 3942 a multiple of 73?
True
Is 398 a multiple of 33?
False
Is 4002 a multiple of 6?
True
Is 3 a factor of 804?
True
Is 81034 a multiple of 8?
False
Is 81 a factor of 3510?
False
Does 27 divide 574?
False
Does 49 divide 7742?
True
Does 56 divide 32928?
True
Is 135 a factor of 1350?
True
Is 5 a factor of 82?
False
Is 4579 a multiple of 15?
False
Does 15 divide 7800?
True
Is 10264 a multiple of 17?
False
Is 6016 a multiple of 64?
True
Is 193 a multiple of 53?
False
Is 66 a factor of 756?
False
Is 12264 a multiple of 28?
True
Does 66 divide 396?
True
Does 5 divide 116?
False
Is 13 a factor of 173?
False
Does 18 divide 651?
False
Does 116 divide 137692?
True
Is 406 a multiple of 14?
True
Does 3 divide 170?
False
Does 3 divide 970?
False
Is 106 a factor of 3710?
True
Is 4488 a multiple of 17?
True
Does 72 divide 5472?
True
Is 27 a factor of 270?
True
Is 65 a factor of 8840?
True
Does 5 divide 12111?
False
Is 16 a factor of 638?
False
Is 2073 a multiple of 36?
False
Does 161 divide 21735?
True
Is 5 a factor of 321?
False
Is 349 even?
False
Is 10 a factor of 20?
True
Is 52 a factor of 9208?
False
Is 66 a factor of 349?
False
Is 29 a factor of 2707?
False
Is 26 a factor of 78?
True
Does 7 divide 133?
True
Does 57 divide 307?
False
Is 255 a factor of 59000?
False
Does 16 divide 123?
False
Is 57 a factor of 24925?
False
Is 28 a factor of 502?
False
Does 90 divide 709?
False
Is 15215 a multiple of 29?
False
Is 96 a multiple of 4?
True
Does 9 divide 480?
False
Is 22 a factor of 10164?
True
Does 48 divide 26736?
True
Is 10 a factor of 690?
True
Does 18 divide 4979?
False
Does 33 divide 2061?
False
Does 4 divide 431?
False
Does 6 divide 1741?
False
Is 17 a factor of 362?
False
Does 4 divide 4740?
True
Is 1161 a multiple of 72?
False
Is 89 a multiple of 27?
False
Is 2115 a multiple of 12?
False
Is 14 a factor of 20720?
True
Is 5819 a multiple of 34?
False
Is 6 a factor of 6?
True
Is 89 a factor of 36260?
False
Does 6 divide 892?
False
Does 15 divide 4317?
False
Does 16 divide 3408?
True
Is 14 a factor of 516?
False
Does 172 divide 13481?
False
Does 140 divide 10220?
True
Is 50 a factor of 29600?
True
Is 23 a factor of 4215?
False
Is 10116 a multiple of 70?
False
Is 297 a multiple of 11?
True
Is 5 a factor of 385?
True
Is 93 a factor of 14326?
False
Is 12058 a multiple of 211?
False
Is 238 a multiple of 17?
True
Does 7 divide 13265?
True
Is 17 a factor of 12908?
False
Does 2 divide 67?
False
Does 13 divide 4511?
True
Is 23560 a multiple of 10?
True
Is 270 a multiple of 33?
False
Is 403 a multiple of 2?
False
Does 8 divide 66?
False
Does 121 divide 29110?
False
Does 111 divide 3108?
True
Is 108 a factor of 2808?
True
Is 43 a factor of 2881?
True
Is 55 a factor of 9548?
False
Is 1846 a multiple of 71?
True
Does 18 divide 23184?
True
Is 78 a factor of 4272?
False
Does 14 divide 54796?
True
Is 1152 a multiple of 16?
True
Does 64 divide 704?
True
Is 8 a factor of 544?
True
Does 64 divide 51194?
False
Is 29 a factor of 3060?
False
Is 215 a factor of 21070?
True
Is 2346 a multiple of 51?
True
Is 174 a factor of 870?
True
Does 22 divide 5258?
True
Does 9 divide 22653?
True
Is 12981 a multiple of 101?
False
Is 91 a factor of 1829?
False
Does 27 divide 886?
False
Is 4 a factor of 216?
True
Is 80947 a multiple of 104?
False
Is 10 a factor of 32410?
True
Is 22 a factor of 16852?
True
Does 10 divide 4894?
False
Is 11295 a multiple of 13?
False
Does 21 divide 13660?
False
Does 19 divide 152?
True
Is 3658 a multiple of 42?
False
Is 23 a factor of 1426?
True
Does 64 divide 442?
False
Is 5997 a multiple of 14?
False
Does 9 divide 900?
True
Is 18749 a multiple of 11?
False
Is 16 a factor of 1760?
True
Does 31 divide 6244?
False
Is 6 a factor of 11616?
True
Is 6 a factor of 120?
True
Is 3200 a multiple of 50?
True
Is 1084 a multiple of 4?
True
Does 16 divide 128160?
True
Does 28 divide 3052?
True
Is 1210 a multiple of 11?
True
Is 12 a factor of 1916?
False
Does 9 divide 43029?
True
Is 18 a factor of 4165?
False
Is 106 a factor of 27878?
True
Does 8 divide 323?
False
Is 1674 a multiple of 71?
False
Is 67 a factor of 42210?
True
Is 13 a factor of 3095?
False
Is 332 a multiple of 4?
True
Is 202 a multiple of 7?
False
Does 13 divide 16666?
True
Is 1856 a multiple of 16?
True
Is 161 a factor of 8647?
False
Is 11 a factor of 1238?
False
Is 19 a factor of 1292?
True
Does 13 divide 598?
True
Is 13 a factor of 4238?
True
Does 9 divide 392?
False
Does 6 divide 336?
True
Is 1144 a multiple of 22?
True
Is 14883 a multiple of 17?
False
Is 8671 a multiple of 23?
True
Is 48078 a multiple of 23?
False
Is 5720 a multiple of 52?
True
Is 3150 a multiple of 15?
True
Is 74 a factor of 5328?
True
Is 784 a multiple of 53?
False
Is 300 a factor of 15893?
False
Is 6174 a multiple of 29?
False
Is 3 a factor of 339?
True
Is 3215 a multiple of 13?
False
Is 1294 a multiple of 57?
False
Is 13 a factor of 2327?
True
Is 3 a factor of 734?
False
Is 31 a factor of 2573?
True
Is 9710 a multiple of 8?
False
Does 9 divide 3372?
False
Does 17 divide 42536?
False
Is 17 a factor of 3986?
False
Is 5349 a multiple of 21?
False
Does 42 divide 1355?
False
Does 4 divide 3197?
False
Is 783 a multiple of 9?
True
Is 97 a fact